st the prime factors of 31926.
2, 3, 17, 313
List the prime factors of 145359.
3, 31, 521
What are the prime factors of 1685?
5, 337
What are the prime factors of 3016?
2, 13, 29
What are the prime factors of 34514?
2, 17257
List the prime factors of 2103.
3, 701
What are the prime factors of 756?
2, 3, 7
List the prime factors of 112882.
2, 7, 11, 733
What are the prime factors of 2808?
2, 3, 13
What are the prime factors of 56559?
3, 17, 1109
What are the prime factors of 79883?
17, 37, 127
What are the prime factors of 1327?
1327
What are the prime factors of 1086?
2, 3, 181
List the prime factors of 8016.
2, 3, 167
What are the prime factors of 38427?
3, 12809
List the prime factors of 175.
5, 7
List the prime factors of 6202.
2, 7, 443
List the prime factors of 93464.
2, 7, 1669
What are the prime factors of 3260?
2, 5, 163
List the prime factors of 6616.
2, 827
List the prime factors of 54152.
2, 7, 967
List the prime factors of 810.
2, 3, 5
List the prime factors of 124.
2, 31
List the prime factors of 713.
23, 31
List the prime factors of 7302.
2, 3, 1217
List the prime factors of 461.
461
What are the prime factors of 698?
2, 349
What are the prime factors of 436?
2, 109
What are the prime factors of 30987?
3, 11, 313
List the prime factors of 3931.
3931
What are the prime factors of 539?
7, 11
List the prime factors of 655.
5, 131
List the prime factors of 1447.
1447
What are the prime factors of 8457?
3, 2819
List the prime factors of 47645.
5, 13, 733
List the prime factors of 541.
541
List the prime factors of 4595.
5, 919
List the prime factors of 1011.
3, 337
What are the prime factors of 5275?
5, 211
List the prime factors of 97388.
2, 97, 251
What are the prime factors of 20739?
3, 31, 223
List the prime factors of 150.
2, 3, 5
What are the prime factors of 12774?
2, 3, 2129
List the prime factors of 1719.
3, 191
List the prime factors of 2026.
2, 1013
List the prime factors of 1397.
11, 127
What are the prime factors of 1994?
2, 997
What are the prime factors of 1597?
1597
What are the prime factors of 29488?
2, 19, 97
List the prime factors of 923.
13, 71
What are the prime factors of 1877?
1877
List the prime factors of 74.
2, 37
What are the prime factors of 64181?
13, 4937
List the prime factors of 46598.
2, 23, 1013
What are the prime factors of 553?
7, 79
What are the prime factors of 14200?
2, 5, 71
What are the prime factors of 58696?
2, 11, 23, 29
List the prime factors of 70256.
2, 4391
List the prime factors of 2152.
2, 269
List the prime factors of 312.
2, 3, 13
List the prime factors of 1925.
5, 7, 11
What are the prime factors of 178934?
2, 7, 12781
List the prime factors of 26055.
3, 5, 193
What are the prime factors of 3921?
3, 1307
List the prime factors of 23156.
2, 7, 827
What are the prime factors of 137538?
2, 3, 283
List the prime factors of 12147.
3, 4049
What are the prime factors of 98046?
2, 3, 13, 419
What are the prime factors of 448?
2, 7
List the prime factors of 810.
2, 3, 5
List the prime factors of 4106.
2, 2053
List the prime factors of 6893.
61, 113
List the prime factors of 97154.
2, 31, 1567
What are the prime factors of 1291?
1291
What are the prime factors of 104?
2, 13
What are the prime factors of 3140?
2, 5, 157
List the prime factors of 25096.
2, 3137
What are the prime factors of 954?
2, 3, 53
List the prime factors of 2226.
2, 3, 7, 53
What are the prime factors of 328?
2, 41
List the prime factors of 12706.
2, 6353
What are the prime factors of 1216?
2, 19
List the prime factors of 1277.
1277
What are the prime factors of 9227?
9227
List the prime factors of 732.
2, 3, 61
What are the prime factors of 664?
2, 83
List the prime factors of 19184.
2, 11, 109
What are the prime factors of 43885?
5, 67, 131
What are the prime factors of 3689?
7, 17, 31
List the prime factors of 4137.
3, 7, 197
What are the prime factors of 22101?
3, 53, 139
What are the prime factors of 11832?
2, 3, 17, 29
List the prime factors of 5580.
2, 3, 5, 31
List the prime factors of 607.
607
What are the prime factors of 2245?
5, 449
What are the prime factors of 17212?
2, 13, 331
List the prime factors of 1665.
3, 5, 37
What are the prime factors of 32893?
7, 37, 127
What are the prime factors of 1553?
1553
List the prime factors of 465.
3, 5, 31
List the prime factors of 5530.
2, 5, 7, 79
List the prime factors of 18523.
18523
What are the prime factors of 82062?
2, 3, 47, 97
List the prime factors of 6882.
2, 3, 31, 37
List the prime factors of 11897.
11897
List the prime factors of 15149.
15149
What are the prime factors of 93?
3, 31
List the prime factors of 1759.
1759
List the prime factors of 1903.
11, 173
List the prime factors of 27024.
2, 3, 563
What are the prime factors of 27156?
2, 3, 31, 73
List the prime factors of 243.
3
What are the prime factors of 276?
2, 3, 23
List the prime factors of 245.
5, 7
What are the prime factors of 2500?
2, 5
List the prime factors of 94017.
3, 7, 11, 37
What are the prime factors of 16855?
5, 3371
List the prime factors of 720.
2, 3, 5
What are the prime factors of 58?
2, 29
What are the prime factors of 3081?
3, 13, 79
What are the prime factors of 8008?
2, 7, 11, 13
What are the prime factors of 1092?
2, 3, 7, 13
What are the prime factors of 41624?
2, 11, 43
What are the prime factors of 9180?
2, 3, 5, 17
List the prime factors of 1236.
2, 3, 103
What are the prime factors of 16940?
2, 5, 7, 11
List the prime factors of 95290.
2, 5, 13, 733
What are the prime factors of 65907?
3, 2441
List the prime factors of 4459.
7, 13
List the prime factors of 7638.
2, 3, 19, 67
What are the prime factors of 13953?
3, 4651
What are the prime factors of 15512?
2, 7, 277
List the prime factors of 616.
2, 7, 11
List the prime factors of 1944.
2, 3
List the prime factors of 14939.
14939
What are the prime factors of 644?
2, 7, 23
What are the prime factors of 7465?
5, 1493
What are the prime factors of 2931?
3, 977
List the prime factors of 41869.
149, 281
List the prime factors of 39613.
7, 5659
List the prime factors of 117006.
2, 3, 19501
List the prime factors of 110895.
3, 5, 7393
List the prime factors of 1194.
2, 3, 199
List the prime factors of 1660.
2, 5, 83
List the prime factors of 99637.
17, 5861
What are the prime factors of 9161?
9161
List the prime factors of 22.
2, 11
What are the prime factors of 2542?
2, 31, 41
List the prime factors of 3377.
11, 307
What are the prime factors of 3170?
2, 5, 317
List the prime factors of 81647.
81647
What are the prime factors of 72099?
3, 8011
List the prime factors of 128137.
97, 1321
What are the prime factors of 3353?
7, 479
What are the prime factors of 1229?
1229
List the prime factors of 17860.
2, 5, 19, 47
What are the prime factors of 246?
2, 3, 41
What are the prime factors of 100?
2, 5
What are the prime factors of 134494?
2, 67247
What are the prime factors of 2117?
29, 73
List the prime factors of 49075.
5, 13, 151
List the prime factors of 709.
709
What are the prime factors of 17301?
3, 73, 79
List the prime factors of 17585.
5, 3517
What are the prime factors of 38634?
2, 3, 47, 137
List the prime factors of 56244.
2, 3, 43, 109
List the prime factors of 1930.
2, 5, 193
List the prime factors of 7027.
7027
List the prime factors of 561.
3, 11, 17
List the prime factors of 270.
2, 3, 5
What are the prime factors of 3968?
2, 31
What are the prime factors of 32216?
2, 4027
What are the prime factors of 424?
2, 53
What are the prime factors of 7010?
2, 5, 701
List the prime factors of 594.
2, 3, 11
List the prime factors of 11665.
5, 2333
What are the prime factors of 2037?
3, 7, 97
What are the prime factors of 265?
5, 53
List the prime factors of 1170.
2, 3, 5, 13
What are the prime factors of 23229?
3, 29, 89
What are the prime factors of 165?
3, 5, 11
What are the prime factors of 6645?
3, 5, 443
What are the prime factors of 6437?
41, 157
List the prime factors of 1322.
2, 661
List the prime factors of 35099.
35099
List the prime factors of 893.
19, 47
What are the prime factors of 1909?
23, 83
What are the prime factors of 69271?
53, 1307
What are the prime factors of 455?
5, 7, 13
List the prime factors of 10175.
5, 11, 37
What are the prime factors of 307?
307
What are the prime factors of 20224?
2, 7